{"id":25,"date":"2015-08-11T22:47:51","date_gmt":"2015-08-12T04:47:51","guid":{"rendered":"http:\/\/www.webinteractiva.com.mx\/jesusmariajalisco.gob.mx\/transparencia\/?page_id=25"},"modified":"2024-10-12T17:17:51","modified_gmt":"2024-10-12T23:17:51","slug":"articulo-15","status":"publish","type":"page","link":"https:\/\/jesusmariajalisco.gob.mx\/ayuntamiento\/transparencia\/articulo-15\/","title":{"rendered":"ARTICULO 15"},"content":{"rendered":"<p>Informaci\u00f3n Fundamental &#8211; Ayuntamientos<\/p>\n<hr \/>\n<p>1. Es informaci\u00f3n p\u00fablica fundamental de los ayuntamientos:<\/p>\n<p><strong>I.<\/strong> \u00a0<a title=\"\" href=\"http:\/\/jesusmariajalisco.gob.mx\/ayuntamiento\/transparencia\/?p=189\">La obligatoria para todos los sujetos obligados<\/a>;<\/p>\n<p><strong>II.<\/strong>\u00a0<a title=\"\" href=\"http:\/\/jesusmariajalisco.gob.mx\/ayuntamiento\/transparencia\/?p=192\">La integraci\u00f3n del Ayuntamiento,las comisiones edilicias\u00a0y\u00a0dem\u00e1s \u00f3rganos que establezca su organigrama;<\/a><\/p>\n<p><strong>III.<\/strong>\u00a0<a title=\"\" href=\"http:\/\/jesusmariajalisco.gob.mx\/ayuntamiento\/transparencia\/?p=196\">Los bandos de polic\u00eda y gobierno, reglamentos,\u00a0decretos, acuerdos, circulares y dem\u00e1s disposiciones jur\u00eddicas expedidas por el ayuntamiento respectivo;<\/a><\/p>\n<p><strong>IV.<\/strong>\u00a0<a title=\"\" href=\"http:\/\/jesusmariajalisco.gob.mx\/ayuntamiento\/transparencia\/?p=624\">Las iniciativas presentadas y las exposiciones de motivos de los reglamentos vigentes en el municipio;<\/a><\/p>\n<p><strong>V.<\/strong>\u00a0<a title=\"\" href=\"http:\/\/jesusmariajalisco.gob.mx\/ayuntamiento\/transparencia\/?p=931\">Los instrumentos de planeaci\u00f3n del desarrollo del municipio y sus modificaciones,de cuando menos los \u00faltimos tres a\u00f1os;<\/a><\/p>\n<p><strong>VI.<\/strong>\u00a0<a href=\"http:\/\/jesusmariajalisco.gob.mx\/ayuntamiento\/transparencia\/?p=352\">Los reglamentos internos,\u00a0manuales\u00a0y\u00a0programas operativos anuales de toda dependencia o entidad p\u00fablica municipal vigentes y de cuando menos los tres a\u00f1os anteriores;<\/a><\/p>\n<p><strong>VII.<\/strong>\u00a0<a title=\"\" href=\"http:\/\/jesusmariajalisco.gob.mx\/ayuntamiento\/transparencia\/?p=342\">Los programas de trabajo de las comisiones edilicias;<\/a><\/p>\n<p><strong>VIII.<\/strong>\u00a0<a title=\"\" href=\"http:\/\/jesusmariajalisco.gob.mx\/ayuntamiento\/transparencia\/?p=200\">El orden del d\u00eda de las sesiones del ayuntamiento\u00a0,\u00a0de las comisiones edilicias\u00a0y\u00a0de los Consejos Ciudadanos Municipales, con excepci\u00f3n de las reservadas;<\/a><\/p>\n<p><strong>IX.<\/strong>\u00a0<a title=\"\" href=\"http:\/\/jesusmariajalisco.gob.mx\/ayuntamiento\/transparencia\/?p=837\">El libro de actas de las sesiones del ayuntamiento\u00a0,\u00a0las actas de las comisiones edilicias\u00a0y\u00a0as\u00ed como las actas de los Consejos Ciudadanos Municipales, con excepci\u00f3n de las reservadas;<\/a><\/p>\n<p><strong>X.<\/strong>\u00a0<a title=\"\" href=\"http:\/\/jesusmariajalisco.gob.mx\/ayuntamiento\/transparencia\/?p=316\">La gaceta municipal y dem\u00e1s \u00f3rganos de difusi\u00f3n y publicaci\u00f3n oficial municipal;<\/a><\/p>\n<p><strong>XI.<\/strong>\u00a0<a title=\"\" href=\"http:\/\/jesusmariajalisco.gob.mx\/ayuntamiento\/transparencia\/?p=389\">La informaci\u00f3n de los registros p\u00fablicos que opere, sin afectar la informaci\u00f3n confidencial contenida;<\/a><\/p>\n<p><strong>XII.<\/strong>\u00a0<a title=\"\" href=\"http:\/\/jesusmariajalisco.gob.mx\/ayuntamiento\/transparencia\/?p=1720\">Los recursos materiales,\u00a0humanos\u00a0y\u00a0financieros asignados a cada dependencia y entidad de la administraci\u00f3n p\u00fablica municipal,detallando los correspondientes a cada unidad administrativa al interior de las mismas;<\/a><\/p>\n<p><strong>XIII.<\/strong>\u00a0<a title=\"\" href=\"http:\/\/jesusmariajalisco.gob.mx\/ayuntamiento\/transparencia\/?p=310\">Los convenios y contratos celebrados para la realizaci\u00f3n de obra p\u00fablica;<\/a><\/p>\n<p><strong>XIV.<\/strong>\u00a0<a title=\"\" href=\"http:\/\/jesusmariajalisco.gob.mx\/ayuntamiento\/transparencia\/?p=695\">Los convenios de coordinaci\u00f3n o asociaci\u00f3n municipal;<\/a><\/p>\n<p><strong>XV.<\/strong>\u00a0<a title=\"\" href=\"http:\/\/jesusmariajalisco.gob.mx\/ayuntamiento\/transparencia\/?p=632\">Los convenios para la prestaci\u00f3n de servicios p\u00fablicos coordinados\u00a0o\u00a0concesionados;<\/a><\/p>\n<p><strong>XVI.<\/strong>\u00a0<a title=\"\" href=\"http:\/\/jesusmariajalisco.gob.mx\/ayuntamiento\/transparencia\/consejos-ciudadanos-2\/\">El registro de los consejos consultivos ciudadanos, con indicaci\u00f3n de la fecha de su creaci\u00f3n, funciones que realizan, as\u00ed como nombre y cargo de los integrantes;<\/a><\/p>\n<p><strong>XVII.<\/strong>\u00a0<a title=\"\" href=\"http:\/\/jesusmariajalisco.gob.mx\/ayuntamiento\/transparencia\/?p=313\">El registro de las asociaciones de vecinos en el municipio, con indicaci\u00f3n de la fecha de creaci\u00f3n, nombre de las mismas, delimitaci\u00f3n territorial que representan y datos generales de los miembros de sus directivas, as\u00ed como de las uniones o federaciones en que se agrupen;<\/a><\/p>\n<p><strong>XVIII.<\/strong>\u00a0<a title=\"\" href=\"http:\/\/jesusmariajalisco.gob.mx\/ayuntamiento\/transparencia\/?p=1644\">El registro p\u00fablico de bienes del patrimonio municipal;<\/a><\/p>\n<p><strong>XIX.<\/strong>\u00a0<a title=\"\" href=\"http:\/\/jesusmariajalisco.gob.mx\/ayuntamiento\/transparencia\/?p=421\">La relaci\u00f3n del personal\u00a0y\u00a0los inventarios de bienes afectos a cada uno de los servicios p\u00fablicos municipales, con excepci\u00f3n del servicio de seguridad p\u00fablica y polic\u00eda preventiva;<\/a><\/p>\n<p><strong>XX.<\/strong>\u00a0<a title=\"\" href=\"http:\/\/jesusmariajalisco.gob.mx\/ayuntamiento\/transparencia\/?p=386\">El Programa Municipal de Desarrollo Urbano,\u00a0los planes de desarrollo urbano de centros de poblaci\u00f3n\u00a0,\u00a0y los planes parciales de desarrollo urbano;<\/a><\/p>\n<p><strong>XXI.<\/strong>\u00a0<a title=\"\" href=\"http:\/\/jesusmariajalisco.gob.mx\/ayuntamiento\/transparencia\/?p=507\">La integraci\u00f3n, las actas de las reuniones y los acuerdos del Consejo Municipal de Desarrollo Urbano;<\/a><\/p>\n<p><strong>XXII.<\/strong>\u00a0<a title=\"\" href=\"http:\/\/jesusmariajalisco.gob.mx\/ayuntamiento\/transparencia\/?p=245\">Las autorizaciones de nuevos fraccionamientos y los cambios de uso de suelo junto con las consultas p\u00fablicas realizadas con los colonos y la integraci\u00f3n del expediente respectivo, en los t\u00e9rminos del C\u00f3digo Urbano para el Estado de Jalisco;<\/a><\/p>\n<p><strong>XXIII.<\/strong>\u00a0<a title=\"\" href=\"http:\/\/jesusmariajalisco.gob.mx\/ayuntamiento\/transparencia\/?p=698\">Los indicadores de evaluaci\u00f3n del desempe\u00f1o;<\/a><\/p>\n<p><strong>XXIV.<\/strong>\u00a0<a title=\"\" href=\"http:\/\/jesusmariajalisco.gob.mx\/ayuntamiento\/transparencia\/?p=670\">La estad\u00edstica de asistencias y registro de votaci\u00f3n de las sesiones del ayuntamiento, de las comisiones edilicias y de los consejos ciudadanos municipales, que contenga el nombre de los regidores y funcionarios que participan, el sentido del voto y, en su caso, los votos particulares;<\/a><\/p>\n<p><strong>XXV.<\/strong>\u00a0<a title=\"\" href=\"http:\/\/jesusmariajalisco.gob.mx\/ayuntamiento\/transparencia\/?p=242\">Los ingresos municipales por concepto de participaciones federales y estatales, as\u00ed como por ingresos propios, que integre a la hacienda p\u00fablica;<\/a><\/p>\n<p><strong>XXVI.<\/strong> <a href=\"https:\/\/drive.google.com\/file\/d\/0B-PeA6isxtqyOU9CRmtnbHZYc0k\/view?pref=2&amp;pli=1\" target=\"_blank\" rel=\"noopener\">La que establezca el Reglamento Interno de Informaci\u00f3n P\u00fablica del Municipio\u00a0correspondiente.<\/a><\/p>\n<hr \/>\n<p>&nbsp;<\/p>\n","protected":false},"excerpt":{"rendered":"<p>Informaci\u00f3n Fundamental &#8211; Ayuntamientos 1. Es informaci\u00f3n p\u00fablica fundamental de los ayuntamientos: I. \u00a0La obligatoria para todos los sujetos obligados; II.\u00a0La integraci\u00f3n del Ayuntamiento,las comisiones edilicias\u00a0y\u00a0dem\u00e1s \u00f3rganos que establezca su organigrama; III.\u00a0Los bandos de polic\u00eda y gobierno, reglamentos,\u00a0decretos, acuerdos, circulares y dem\u00e1s disposiciones jur\u00eddicas expedidas por el ayuntamiento respectivo; IV.\u00a0Las iniciativas presentadas y las exposiciones &hellip; <a href=\"https:\/\/jesusmariajalisco.gob.mx\/ayuntamiento\/transparencia\/articulo-15\/\" class=\"more-link\">Contin\u00faa leyendo <span class=\"screen-reader-text\">ARTICULO 15<\/span><\/a><\/p>\n","protected":false},"author":1,"featured_media":0,"parent":0,"menu_order":2,"comment_status":"closed","ping_status":"closed","template":"","meta":{"footnotes":""},"class_list":["post-25","page","type-page","status-publish","hentry"],"_links":{"self":[{"href":"https:\/\/jesusmariajalisco.gob.mx\/ayuntamiento\/transparencia\/wp-json\/wp\/v2\/pages\/25"}],"collection":[{"href":"https:\/\/jesusmariajalisco.gob.mx\/ayuntamiento\/transparencia\/wp-json\/wp\/v2\/pages"}],"about":[{"href":"https:\/\/jesusmariajalisco.gob.mx\/ayuntamiento\/transparencia\/wp-json\/wp\/v2\/types\/page"}],"author":[{"embeddable":true,"href":"https:\/\/jesusmariajalisco.gob.mx\/ayuntamiento\/transparencia\/wp-json\/wp\/v2\/users\/1"}],"replies":[{"embeddable":true,"href":"https:\/\/jesusmariajalisco.gob.mx\/ayuntamiento\/transparencia\/wp-json\/wp\/v2\/comments?post=25"}],"version-history":[{"count":116,"href":"https:\/\/jesusmariajalisco.gob.mx\/ayuntamiento\/transparencia\/wp-json\/wp\/v2\/pages\/25\/revisions"}],"predecessor-version":[{"id":3630,"href":"https:\/\/jesusmariajalisco.gob.mx\/ayuntamiento\/transparencia\/wp-json\/wp\/v2\/pages\/25\/revisions\/3630"}],"wp:attachment":[{"href":"https:\/\/jesusmariajalisco.gob.mx\/ayuntamiento\/transparencia\/wp-json\/wp\/v2\/media?parent=25"}],"curies":[{"name":"wp","href":"https:\/\/api.w.org\/{rel}","templated":true}]}}